4090384?
88
What is the highest common divisor of 11551376 and 16?
16
Calculate the highest common factor of 1 and 47757203.
1
Calculate the highest common divisor of 1776 and 85995363.
111
Calculate the highest common factor of 679 and 335277299.
679
What is the greatest common divisor of 2237021 and 6921?
769
Calculate the greatest common divisor of 11302980 and 387.
129
Calculate the highest common factor of 26258476 and 8.
4
What is the highest common divisor of 37587 and 72686424?
3417
What is the highest common divisor of 7646499 and 202713?
1029
Calculate the greatest common factor of 2720246 and 178556.
1822
What is the greatest common factor of 1017 and 867953?
113
Calculate the greatest common divisor of 4977661837 and 37.
37
What is the greatest common factor of 4081392 and 10080?
1008
What is the greatest common factor of 296730610 and 319?
319
Calculate the greatest common factor of 15580900 and 50.
50
Calculate the highest common divisor of 44704144 and 658.
94
What is the highest common factor of 636 and 3795?
3
What is the greatest common divisor of 30178 and 384674?
382
Calculate the greatest common factor of 2739261 and 425.
17
Calculate the highest common divisor of 15477242 and 319.
319
What is the greatest common factor of 7848 and 504?
72
What is the highest common factor of 141678726 and 18?
6
What is the highest common factor of 163324 and 504?
28
Calculate the highest common factor of 6034287 and 1659.
21
What is the highest common divisor of 161744 and 8580?
44
Calculate the highest common divisor of 14504 and 1353608.
296
Calculate the greatest common factor of 298075747 and 35539.
5077
Calculate the greatest common factor of 2001324 and 4212.
156
What is the highest common factor of 2186108023 and 127?
127
What is the highest common factor of 6181228 and 4268?
388
Calculate the highest common factor of 266561 and 869454.
1789
Calculate the greatest common divisor of 30880422 and 333.
333
What is the greatest common factor of 11049 and 229941?
87
Calculate the highest common factor of 14889 and 25620.
21
Calculate the highest common factor of 2510166 and 845937.
5529
What is the greatest common factor of 312998 and 669578?
3962
What is the greatest common factor of 14263728 and 192?
48
Calculate the greatest common factor of 612570 and 23730.
210
Calculate the highest common factor of 605616 and 55796.
148
Calculate the highest common divisor of 41722 and 33718.
46
What is the highest common factor of 67 and 56127709?
67
What is the highest common divisor of 17287 and 2799029?
293
What is the greatest common divisor of 986085 and 351?
9
What is the highest common factor of 1932 and 26569508?
644
What is the highest common factor of 491946 and 550186?
182
What is the highest common divisor of 399 and 171492594?
399
What is the greatest common divisor of 98 and 542469739?
49
Calculate the highest common divisor of 80652 and 1101633.
1833
Calculate the greatest common factor of 308272245 and 19.
19
Calculate the greatest common factor of 146456 and 512.
8
Calculate the greatest common divisor of 71695422 and 5388.
2694
What is the greatest common divisor of 4513631 and 217?
31
Calculate the highest common divisor of 282173 and 20079.
97
Calculate the greatest common divisor of 117 and 54847.
13
Calculate the greatest common factor of 918 and 23464998.
918
Calculate the greatest common factor of 1247 and 83440769.
43
What is the greatest common factor of 4868916 and 598?
598
What is the highest common factor of 1524 and 33778952?
508
Calculate the greatest common divisor of 10209 and 858.
3
Calculate the greatest common divisor of 18 and 66417906.
6
What is the highest common divisor of 1549750084 and 4?
4
What is the greatest common factor of 35049182 and 63?
7
Calculate the highest common divisor of 4136921 and 626.
313
Calculate the greatest common factor of 15154661 and 5459.
53
Calculate the highest common factor of 12 and 38269251.
3
What is the highest common divisor of 33 and 3688806?
33
Calculate the greatest common divisor of 54319896 and 1320.
24
Calculate the greatest common factor of 181941852 and 248.
124
What is the greatest common factor of 1494 and 75393?
9
Calculate the highest common factor of 939384894 and 12.
6
Calculate the highest common factor of 8753706 and 72.
18
Calculate the highest common factor of 2046 and 94886660.
682
What is the greatest common divisor of 64832 and 210752?
64
Calculate the highest common factor of 55638147 and 13503.
1929
What is the greatest common factor of 25970 and 77602?
14
What is the greatest common factor of 1451181 and 903?
3
What is the greatest common divisor of 6975223 and 1034?
47
What is the highest common factor of 600 and 38421150?
150
What is the highest common factor of 60902380 and 557?
557
What is the highest common divisor of 16201 and 50541?
17
Calculate the greatest common divisor of 1075704 and 3370.
674
Calculate the greatest common factor of 1584 and 713304.
72
What is the highest common factor of 17303376 and 3648?
912
What is the highest common factor of 917819432 and 3104?
776
What is the greatest common divisor of 1205 and 617310?
5
What is the highest common divisor of 4942410 and 170?
170
Calculate the greatest common divisor of 166435 and 1546.
1
Calculate the highest common factor of 3768 and 2129548.
628
What is the greatest common divisor of 23623371 and 522?
261
Calculate the highest common factor of 545955 and 98005.
85
What is the greatest common factor of 207313106 and 154?
154
What is the greatest common divisor of 276788 and 12?
4
What is the greatest common factor of 34930602 and 2835?
567
What is the highest common divisor of 544 and 104331200?
32
What is the highest common factor of 61 and 101447453?
61
Calculate the greatest common divisor of 41950 and 100150.
50
Calculate the highest common divisor of 13697728 and 44.
44
Calculate the greatest common divisor of 18574083 and 187.
11
What is the highest common divisor of 137533351 and 167?
167
What is the greatest common factor of 16014816 and 1426156?
13084
What is the highest common factor of 2973483 and 417?
3
Calculate the greatest common divisor of 9 and 18478143.
9
What is the highest common divisor of 22955754 and 4626?
1542
Calculate the highest common factor of 3512 and 62474968.
3512
What is the greatest common divisor of 1001292 and 12447?
1383
Calculate the greatest common factor of 44215662 and 1566.
174
What is the highest common divisor of 851013 and 6192?
387
What is the highest common divisor of 86110847 and 1774?
887
What is the highest common divisor of 464739 and 99975217?
14083
What is the highest common factor of 43238 and 6526?
26
What is the greatest common factor of 93 and 1970949?
93
What is the highest common factor of 89056 and 782?
46
Calculate the greatest common factor of 1152 and 14568588.
36
What is the greatest common factor of 18715 and 47357421?
197
What is the highest common divisor of 218232 and 10963127?
3031
What is the greatest common factor of 64704 and 189456?
48
Calculate the greatest common factor of 241699079 and 17922.
2987
Calculate the highest common factor of 16630 and 1902910.
10
What is the greatest common factor of 8422176 and 70882?
1162
Calculate the greatest common divisor of 6450 and 20981400.
150
Calculate the greatest common factor of 9145539 and 585.
117
What is the highest common factor of 91 and 478673?
13
Calculate the highest common factor of 10781964 and 756.
108
What is the highest common factor of 117 and 102826188?
9
What is the greatest common factor of 50354195 and 5?
5
Calculate the greatest common divisor of 1441 and 7706206.
131
What is the highest common divisor of 2634 and 339498?
6
What is the greatest common factor of 95328 and 11362568?
2648
What is the highest common divisor of 16312456 and 24?
8
What is the highest common factor of 22064 and 1589872?
16
What is the greatest common divisor of 2 and 6060049?
1
What is the greatest common divisor of 17475 and 1034054?
233
What is the greatest common divisor of 6330048 and 720?
48
Calculate the highest common divisor of 2026944 and 320.
64
What is the highest common divisor of 163215 and 5511831?
1209
What is the highest common divisor of 119 and 1